n + 714. What is the hundreds digit of a(0)?
7
Suppose 3*a - 10 = 5*n, 12 = -2*n - n + 3*a. Let i = n + -4. Let j = i + 16. What is the units digit of j?
3
Suppose -3*j - 1 = -4. What is the tens digit of -3*j - (-176)/8?
1
Let k = 11 + -9. Suppose c - 5 = -k. Suppose -2*d + 52 = -c*p, -2*d = -6*p + 2*p - 54. What is the tens digit of d?
2
Let d = -1798 - -2281. What is the tens digit of d?
8
Let l(j) = j**3 + 7*j**2 + 7*j + 8. Let w be l(-6). Let a(y) = -3 - 2*y - 1 - 1 + 18*y. What is the units digit of a(w)?
7
Let a be -2 + 20/9 - (-25)/9. Suppose -3*g + 5*g - 51 = a*s, -93 = -4*g - 3*s. What is the units digit of g?
4
Let r be ((-48)/(-36))/(1/(-3)). Let f be 47/r - (-7)/(-28). Let p = 12 - f. What is the tens digit of p?
2
Let l = 11 + -9. Let n be l/(-6)*12/(-2). Let i(d) = 10*d + 3. What is the tens digit of i(n)?
2
Let b = 3 - 1. Let l(c) = c**2 - 28*c - 158. Let n be l(34). Suppose -2*z + 84 = 2*q, z + b*q = 5*q + n. What is the tens digit of z?
4
Let w(b) = 4*b**2 - 2*b + 9 - 2 + 2. Let s be w(4). Suppose -2*q - s = -p, 0*q = -3*q. What is the units digit of p?
5
What is the tens digit of ((-3)/(-5) + (-494)/190)*-1095?
9
Suppose 4*i + n = 3350, 18*i + 2*n - 3348 = 14*i. What is the units digit of i?
8
Suppose 2*u - 8 = 5*z, -20 = -4*z - 7*u + 2*u. Suppose z = 5*c + 15, 2*b - 23 = 2*c + 81. What is the units digit of b?
9
Suppose -5*c + 0*c + 45 = 0. Suppose -c = u - 3*h, u - 2*u - 3*h - 9 = 0. Let r = 29 + u. What is the tens digit of r?
2
Suppose -577 = -2*b + 305. What is the hundreds digit of b?
4
What is the units digit of (-2 + 5 - 0)*14/7?
6
Let m(l) = 17*l**3 - 31*l**3 - 6*l - 3 - 2 + 20*l**2 + 15*l**3. What is the units digit of m(-20)?
5
Let h(c) be the second derivative of 3*c - 1/2*c**2 + 0 + 1/12*c**4 + 1/2*c**3. What is the tens digit of h(3)?
1
Let g be -9 + -3 + -2 + 9. What is the units digit of 8/g*(-10)/4?
4
Suppose -13*g = -7*g - 180. Suppose -5*a = 5*s - 100, s + g = -0*a + a. What is the tens digit of a?
2
Suppose 9*j = 16972 - 4309. What is the thousands digit of j?
1
What is the hundreds digit of ((-5)/10)/((-41755)/(-13920) - 3)?
3
Let l(s) = 4*s**2 - 5*s - 16. Let x = -32 + 26. What is the hundreds digit of l(x)?
1
Suppose 18*d - 42*d + 11280 = 0. What is the tens digit of d?
7
Let c = 97 + -44. Suppose 2*n = 173 + c. Suppose -2*b - n = -5*d + b, -4*d + 3*b = -88. What is the tens digit of d?
2
Let y be 285/(-20)*96/(-9). Suppose -5*p = -5*v - 485, -5*v = -2*p + 218 + 273. Let a = v + y. What is the units digit of a?
3
Let u = 26 + -21. Suppose u*r = -37 + 372. What is the tens digit of r?
6
Let p be (-1398)/(-34) - 4/34. Let k(q) = 11 + 10 - 29*q + q**2 + p*q. What is the tens digit of k(-15)?
6
Let b(k) = 13*k**2 + 11*k - 8. Let s be b(-9). Suppose 6*z + 2*x + s = 11*z, -3*x - 9 = 0. What is the units digit of z?
8
Suppose -50 = -2*n + 15*h - 11*h, 4*n = h + 86. What is the tens digit of n?
2
Let o(f) = f**2 + 11*f - 3. Let z be o(-11). Let s be (z/(-6))/((-5)/20). What is the units digit of (-6)/(-8) - s/8?
1
Let l = -56 + 51. What is the hundreds digit of 223*-5*1/l?
2
Let o(i) = -55*i**3 - 2*i**2 - 7*i - 18. What is the tens digit of o(-2)?
2
Let y = -355 + 951. What is the tens digit of y?
9
What is the tens digit of -102*13/(-2) - 3?
6
Suppose -4*u = 3*o - 13745, 5*o - 4*u - 22890 = -7*u. What is the thousands digit of o?
4
Suppose -5*r + 2*r + 0*r = 0. Suppose -4*i + 178 = 2*j - 178, 5*i - j - 438 = r. What is the tens digit of i?
8
Suppose -2*g = 4*c - 2, -3*g + 0*c + 3*c + 21 = 0. Suppose 14 = g*z - 186. What is the tens digit of z?
4
Let f = -6 + 10. Suppose -4*h - 76 = -5*a + f, 3*h = -2*a + 32. What is the units digit of a?
6
Let y(z) = z**3 - 8*z**2 + 6*z + 7. Suppose 35 = -0*w + 5*w. Let i be y(w). What is the units digit of 12 + -3 + i + -3?
6
Suppose 4*g = -0*g - 4*q - 16, 0 = -3*g + 2*q + 8. Suppose 2*y + 2 + 0 = g. What is the tens digit of (270/25 + y)*5?
4
Let t(y) = -215*y - 135. What is the tens digit of t(-13)?
6
Suppose 4*k = -5*q + 2, 0 = 4*q - 2*k - 0*k - 12. Suppose 5*a - 202 = q*v, 9*v = -4*a + 5*v + 156. What is the tens digit of a?
4
Suppose 0 = 2*g + g. Suppose 4*w - 2*c = -c - 2, -3*w + c - 1 = g. What is the tens digit of w*(-15)/(-2 + 3)?
1
Let g be (27/15)/((-21)/(-70)). What is the units digit of (3 - 50/(-6))*g?
8
Let z(m) = 15*m. Let b be z(2). Let v = b + 11. What is the tens digit of v?
4
Suppose 0 = 26*a - 31*a + 700. What is the units digit of a?
0
Let f = -3003 - -6531. What is the units digit of f?
8
Let b(z) = 7*z**2 + 64*z + 26. What is the tens digit of b(-14)?
0
Suppose 6*a = 7 + 29. Suppose 3*y - 2*k - a = 0, -6*y - 3*k + 21 = -3*y. Suppose 4*g - y = 52. What is the units digit of g?
4
Let g be 10/20 + (-3)/(-2). Suppose -g*q = v - 4, v - 2*q = -4 - 0. Suppose 2*x = -v*x + 28. What is the tens digit of x?
1
Suppose 16*s - 6197 = 18283. What is the units digit of s?
0
Suppose -392175 = -116*q + 33*q. What is the hundreds digit of q?
7
Let t(s) = s + 9. Let c = 16 + -23. Let y be t(c). Let k = y + 0. What is the units digit of k?
2
Suppose 3*n = -30 - 69. What is the units digit of 1*(4 + -3) - 2*n?
7
Let r = -406 - -996. What is the hundreds digit of r?
5
Let d(n) = 2*n**3 + 1. Let z be d(1). Let w be (3 - 6)/z + -67. Let j = w - -99. What is the units digit of j?
1
Let o = 2239 - -174. What is the units digit of o?
3
Let f = 184 + 727. What is the hundreds digit of f?
9
Suppose 2*f + 6 = -0*f. Let h(u) be the second derivative of u**4/6 + u**3/6 - 2*u**2 + 3*u. What is the units digit of h(f)?
1
Suppose 8*u = 7*u + 4. Suppose -d = -3*i + 5*i - 9, -5*i + u*d - 10 = 0. What is the units digit of i?
2
Let r(t) = -4*t - 15. Let w be (-7)/(-3)*(-1 + -2). Let c be r(w). Let j = 37 - c. What is the units digit of j?
4
Let g = 12 - 4. Let p be (-34)/g + (-4)/(-16). Let s(o) = -o**3 - 4*o**2 - o - 2. What is the units digit of s(p)?
2
Let g be 45/(-6) + (-2)/4. Let t = 6 + g. What is the units digit of 0 + (t - (-1 + -4))?
3
Let j(k) = -k**2 - 8*k + 2. Let a be j(-13). Let m = a + 105. Let h = m - 12. What is the units digit of h?
0
Suppose -5*d + 17 + 11 = -2*x, 4*d - x - 20 = 0. Suppose d*j - 280 = -3*j. What is the tens digit of j?
4
Let y = 278 - -20. What is the tens digit of y?
9
What is the tens digit of (-52)/(-14) - 4 - (-558)/42?
1
What is the units digit of ((-22876)/(-6))/7 + 4/(-6)?
4
Let h(s) = 5*s**2 - 109*s - 13. Let x be h(21). Suppose -5*t + 0*t = -4*c - 211, 4*t = -4. Let z = c - x. What is the units digit of z?
3
Suppose -2*y + 12 = -4*w, -w - 4*w + 10 = 0. Let q = y + -6. Suppose 2*u - 40 = 5*r, -2*r = -q*r - 8. What is the units digit of u?
0
Let c(k) = -320*k + 44. What is the thousands digit of c(-7)?
2
Let s(l) = -l**3 - 3*l**2 + 7*l + 6. Let v = -8 + 8. Suppose -5 = p - v. What is the units digit of s(p)?
1
Let u(b) = -b. Let y be 4/(-18) - (-102)/(-27). What is the units digit of u(y)?
4
Let l be ((-34)/5)/(1/25). Let f = l + 400. What is the units digit of f?
0
Let j(c) = c**3 + 8*c**2 + 5*c + 4. Let a be j(-6). Let l = a + -33. What is the tens digit of l?
1
Let p be 2*(-4 + (-85)/10). Let n = p + 219. What is the tens digit of n?
9
Let p(i) be the third derivative of i**5/30 + i**4/24 - 3*i**3 + 13*i**2. What is the tens digit of p(6)?
6
Let c(s) = -s**3 - 2*s**2 + 5*s + 4. Let q be c(-5). Let x = q + -10. What is the tens digit of x?
4
Let x = 647 - 118. What is the hundreds digit of x?
5
Suppose -9*p = -16*p + 7497. What is the units digit of p?
1
Let m be 1/(-2)*4 + 8. What is the units digit of (3 - m)*(-40)/15?
8
Let u = 131 + -72. Suppose 2*a = 3*a + 5*m - u, 0 = -5*a + 3*m + 211. What is the tens digit of a?
4
What is the hundreds digit of 2/(-10) + 4546/5?
9
Suppose z + 5*z = 0. Let n be (-2)/(-4) + 3/2. Suppose z*w = w - n. What is the units digit of w?
2
Let w be (-1 - -1) + 13*1. Let v(s) = s**3 - 13*s**2 + 9*s - 2. What is the units digit of v(w)?
5
Let v(g) = 2*g**3 - 22*g**2 + 102*g - 22. What is the tens digit of v(17)?
8
Let j(r) = 63*r - 52. What is the units digit of j(9)?
5
Let w = -4 - -8. Suppose -3*c - 4 = 2*c + t, 12 = -w*c - 3*t. Suppose 2*u - 63 - 37 = c. What is the tens digit of u?
5
Let j(t) = 15*t**2 - t + 2. Let b = 24 - 21. Suppose r = b*r - 4. What is the tens digit of j(r)?
6
Suppose -137 = 2*i - 5*d,